 441. Let c(z) = -8*z + 1. What is c(y)?
-47
Let l(b) be the first derivative of -b**4/4 - 4*b**3/3 + b**2/2 + b + 2. Let i be -1 - (-54)/(-15) - (-6)/10. What is l(i)?
-3
Let o(d) = d**3 - 5*d**2 - d - 14. Suppose -2 = -a - k, 20*a - 16*a + 2*k - 16 = 0. Determine o(a).
16
Let n(o) = -o**2 - 2*o - 5. Let p(k) = 6*k**2 + 10*k + 26. Suppose 2*l + 41 = 5*l + 2*s, 0 = 2*s - 8. Let x(v) = l*n(v) + 2*p(v). Give x(-2).
5
Let q(o) be the first derivative of -o**2/2 - 38*o - 319. Determine q(0).
-38
Let g(s) = -48 - 118*s**2 + s + 9*s**3 + 117*s**2 + 49. Let h be 9/(-11) + (-8)/44. Determine g(h).
-10
Let r = -6 + 3. Let w(m) = 2*m**2 + 2*m - 6. Let y be w(r). Let c(n) = -n + 9. Let i(q) = 1. Let h(x) = -c(x) - 5*i(x). Determine h(y).
-8
Suppose 5*m - 466 = -5*k + 219, 0 = 4*k - 2*m - 536. Let j = k - 131. Let r(d) = d**3 - 3*d**2 - 3*d - 4. What is r(j)?
0
Let v(u) be the second derivative of -u**5/20 + u**4/3 - 2*u**3/3 + u**2 - 2*u - 54. Give v(2).
2
Let c(t) be the first derivative of -t**2/2 - t - 3. Let j(f) = 2*f + 11. Let x = -4 + -4. Let y be j(x). Give c(y).
4
Let g(h) = h**2 + 9*h - 16. Let p be g(-11). Suppose p*y - 13 = -49. Let b(z) = -z**2 - 7*z - 3. Calculate b(y).
3
Suppose -6 = -c - c. Suppose -2*v = c*o - 3, -v = -2*o + 6*o - 4. Let z = o + -6. Let i(s) = s**3 + 4*s**2 - 4*s - 4. Calculate i(z).
-9
Let j(w) = -27*w**2 - 3*w + 8. Let v(o) = -7*o**2 - o + 2. Let z(t) = 6*j(t) - 23*v(t). Give z(3).
8
Let a = 18 + -15. Let q(k) = -4 - 19*k + 3 - 1 + a. Determine q(1).
-18
Suppose -t = -3*t - 4*v + 24, 5*v - 50 = -5*t. Let a = 1 - t. Let c = a + 10. Let u(w) = -2*w + 1. Determine u(c).
-5
Let j(h) be the first derivative of -h**5/60 - h**4/24 - 55*h**3/3 - 48. Let n(o) be the third derivative of j(o). Determine n(2).
-5
Let o(z) = -z + 9. Let j(c) = -4. Let l(y) = -13*j(y) - 6*o(y). Let n be (-38)/(-1)*(-9)/6. Let f = n + 59. What is l(f)?
10
Let z(m) = 2*m**3 - 21*m**2 - 8*m - 23. Let u(t) = -3*t**3 + 33*t**2 + 11*t + 35. Let y(a) = -5*u(a) - 7*z(a). Determine y(18).
4
Let a(i) = i**2 - 5*i - 3. Let g = -100 - -32. Let f = g + 73. Determine a(f).
-3
Suppose 4*n + 18 - 11 = 3*w, 2*w = n + 8. Let y(c) = -c**3 + 3*c**2 - 1. Give y(n).
3
Let i = 4 + -2. Let j(r) = -5*r - 81 - 82 - 6*r**2 - i*r**3 + r**3 + 161. Suppose 4*x = -5*m - 15, x = -5*m + 3*x - 15. What is j(m)?
-14
Suppose -4 = 2*a + 4. Let n(m) be the second derivative of -4*m**3/3 - 2*m**2 - 35*m + 4. Calculate n(a).
28
Suppose 5*r - 2*r = 6. Suppose -3*o + 30 = 9. Let l(x) = 2*x - 3. Let i(w) = w - 2. Let b(v) = o*i(v) - 4*l(v). Determine b(r).
-4
Let m(k) = -3*k. Let p(y) = 2*y - 1. Let n = -6 + 12. Suppose 13 = o - 5*o - a, -o - n = 3*a. Let j(w) = o*m(w) - 4*p(w). Give j(-5).
-1
Let w(s) = 0*s - 2 + 5*s + 0 - s**2. Let h(p) = -p. Let l(t) = -2*h(t) - w(t). Determine l(2).
0
Let z = -2 - -1. Let k(j) = -3 - 30*j + 1 + 23*j + 5. Let c(f) = 27*f - 13. Let y(x) = 2*c(x) + 9*k(x). Give y(z).
10
Let k(c) = -c + 9. Let g = -3 - -5. Suppose -g*q - q + 24 = 0. Calculate k(q).
1
Let a = -1101 + 1104. Let m(z) = -14*z + 49. Calculate m(a).
7
Suppose 0 = 6*c - 101 + 95. Let m(k) = -13*k + 4. Let o(z) = 5*z - 4*z + 1 - 4*z. Let g(d) = -2*m(d) + 9*o(d). Give g(c).
0
Let q(n) = -n**2 + 6*n - 1. Let f be 3/(-2)*120/(-45). Give q(f).
7
Let c(a) be the first derivative of -a**4/4 + 2*a**3 + 3*a**2 + 3*a - 4. Let h be 122/18 - (-14)/63. What is c(h)?
-4
Let i(w) = -2 - 3*w**3 - 5 + 12*w**2 - 11*w + 4*w**3 - 4*w**2 + 0*w**3. Determine i(-9).
11
Suppose 5*l - 421 = -396. Let i(b) = b**3 - 7*b**2 + 5*b - 6. Give i(l).
-31
Let x(q) = -2*q**2 + 39 + 10*q**2 + 3*q**2 - q - 40. Give x(-1).
11
Let s(p) = p**2 - 8*p + 2. Let h = 306 - 297. Give s(h).
11
Suppose 6*h + 2 = 9*h + 2*r, -5*r + 5 = -5*h. Let o(f) = f**3 - f - 23. What is o(h)?
-23
Let n = 112 - 74. Let m = 38 - n. Let a(r) = -r + 4. Give a(m).
4
Let i(h) = 2*h**3 - h**2 + 8*h - 20. Let a(y) = -y**3 + y**2 - 4*y + 11. Let u(n) = 11*a(n) + 6*i(n). Give u(-5).
-19
Let g(p) = -53 - 6*p + 2*p + 22 + 25. Calculate g(-3).
6
Suppose 4*o = -2*o + 48. Let a(v) = 3*v**3 + 18*v**2 - 25*v + 29. Let r(z) = 5*z**3 + 27*z**2 - 38*z + 44. Let y(c) = 8*a(c) - 5*r(c). What is y(o)?
-4
Let p(x) = -x**3 + 7*x**2 + 7*x + 11. Suppose -2*z + 16 = -0*z. Let c be p(z). Suppose -8 = b + c*b. Let v(q) = 3*q - 1. What is v(b)?
-7
Let r(f) = -9 - 8 - 4*f - 9 + 28 + 3*f**2. What is r(2)?
6
Let l(x) be the second derivative of -5*x**4/12 + x**2/2 + x. Let u be l(-1). Let m(z) = z + 3 + 4 - 6 + 0*z + 3*z. Calculate m(u).
-15
Let z(i) = 2*i - 6. Let f = 10 + 2. Suppose 0 = -8*y + f + 20. Determine z(y).
2
Suppose 0 = 4*q - q - 9. Let a(f) = -6*f + 12 - 9 + q*f. Determine a(-4).
15
Let q(y) = -y**2 + 3*y + 3. Let j(n) = 27*n - 51. Let i be j(2). What is q(i)?
3
Let n be (-105)/(-21) + -6 + 0. Let z(v) be the first derivative of 7*v**2/2 - v + 12. What is z(n)?
-8
Let g(j) = -j - 2. Let q(h) = 2*h + 1. Let x(y) = 3*g(y) + 2*q(y). Give x(3).
-1
Let t(k) = 0*k + k + 8*k**2 + 3*k**2. Suppose 4*a - z = -4, -a - z = -3*a - 4. Suppose a = -3*s + 4*s - 1. What is t(s)?
12
Let u(q) = -3*q**3 + 27 - 11 + 7*q**3 + 11*q - 12*q**2 - 3*q**3. Calculate u(11).
16
Suppose -9*v - 20 = -4*v. Suppose -2*u + 7 = -3. Let y(b) = 0*b**2 - 10*b - u + 13*b + b**2. Determine y(v).
-1
Let g(d) be the second derivative of -d**5/20 - 5*d**4/12 - d**3/2 - d**2 - 2*d - 5. What is g(-5)?
13
Let t(c) be the first derivative of -c**4/4 + 4*c**3 - 6*c**2 + 14*c + 18. Let o be t(11). Let m(g) = -g + 4. Give m(o).
1
Suppose 3*g - 1 = 3*t - 2*t, -5*t + 3*g = -55. Suppose 1 = z, 0*s + 5*z = 3*s + t. Let u = 6 + s. Let j(w) = w**3 - 3*w**2 - w + 3. Determine j(u).
0
Let c(x) = -x**2 - 4*x. Let f be (4/6)/(4*6/180). Suppose 0 = -5*w - 0*w + 10. Suppose l = w*l + f. What is c(l)?
-5
Let j(t) be the second derivative of t**4/12 + 5*t**3/6 + t**2 + 31*t. What is j(-7)?
16
Let k(h) = -10*h**2 + 5*h + 3. Let f(z) = -3*z**2 + 2*z + 1. Let m(j) = 7*f(j) - 2*k(j). Determine m(4).
1
Let a(f) be the second derivative of 0 - 8*f + 5/6*f**3 + 2*f**2. Give a(-4).
-16
Let a(n) be the second derivative of -n**7/840 + n**6/90 + n**5/24 - n**4/12 - 3*n**3/2 + 15*n. Let r(f) be the second derivative of a(f). Calculate r(4).
18
Let s be (0 - 14/4)*2. Let z(a) = 12 - 3 - a**3 - 8*a**2 + 3*a**2 - 1761*a + 1762*a - 2*a**2. Calculate z(s).
2
Let s(y) = y**3 - 5*y**2 + 16*y - 46. Let j be s(4). Let v(f) = f**2 + 7*f - 10. Determine v(j).
8
Let b be 39/26 + (-14)/(-4) + 2. Let k(s) = -s + 22 - 5 - b - 13. Determine k(-10).
7
Let k(o) be the second derivative of 12*o + 1/2*o**3 + 0 + 1/2*o**2. Determine k(-6).
-17
Let i(z) be the third derivative of -11*z**9/60480 + z**8/10080 - z**7/5040 - z**5/6 - 11*z**2. Let b(h) be the third derivative of i(h). Calculate b(1).
-10
Let t = 91 + -94. Let z(j) = 7*j + 4. What is z(t)?
-17
Let k(d) = 5*d**2 + 1. Let t(n) = 31*n**2 - 6*n - 14. Let r(j) = -6*k(j) + t(j). Give r(11).
35
Let o(v) be the third derivative of v**5/60 - 5*v**4/24 - v**3 - v**2 + 53. Determine o(7).
8
Let l = -34 - -45. Suppose 21 = 2*i + l. Let f(q) = -13*q + 12. Let y(a) = 6*a - 6. Let u(k) = -2*f(k) - 5*y(k). Calculate u(i).
-14
Let w(r) = -7*r**2 + 4*r + 77854*r**3 + 3 + r**2 - 77853*r**3. Determine w(5).
-2
Let q(c) be the third derivative of c**4/12 + 5*c**3/6 - 322*c**2. Give q(-6).
-7
Let f(z) = z**2 - 6*z - 2. Let w be (((-16)/5)/(-8))/(1/(-10)). Give f(w).
38
Let c(a) = -a**2 + 6*a + 4. Let i(f) = 6*f**2 - 30*f - 20. Let j(p) = -11*c(p) - 2*i(p). Give j(-7).
-11
Let x(c) = -c**2 - 11*c - 32. Let w be x(-10). Let y = w - -15. Let d(q) = q**3 + 6*q**2 - 7*q - 3. Calculate d(y).
-3
Let f(q) be the first derivative of -q**2/2 - 16*q - 111. Determine f(0).
-16
Suppose -12*f + 17*f - 95 = 0. Let a = f + -15. Let r(w) = -w**2 + 4*w. Determine r(a).
0
Let h(j) be the second derivative of -5*j**3/6 - j**2/2 - 22*j. Let t = 16 - 25. Let u be 2/(-3) + 21/t. What is h(u)?
14
Let o = 883 + -880. Let b(j) = -11*j + 28. Give b(o).
-5
Let o(a) = -244*a + 125*a + 121*a. Calculate o(1).
2
Let f = 0 + -1. Let d(a) = 11*a**2 + 17*a - 6. Let z(t) = -13*t**2 - 20*t + 7. Let k(o) = -7*d(o) - 6*z(o). Calculate k(f).
0
Let f(h) = 4*h + 5. Let k = 27 + -27. Let d be f(k). Let q(j) = 2*j - 4. Give q(d).
6
Suppose -f - 5*g = 2*f - 5, f + 4*g = -10.